4*a - 5*p - 6, 4*a = -p + 3 - 1. Let k(l) be the first derivative of 2*l**2 + l + 6. List the prime factors of k(a).
5
Suppose 4*z + z - 215 = 0. What are the prime factors of z?
43
Let r be 1 - 3/((-3)/122). Suppose -3*l + r = -51. List the prime factors of l.
2, 29
Let t = -1 + 3. Suppose t*l = -3*l + 70. What are the prime factors of (l/4)/((-7)/(-42))?
3, 7
Let c = -23 - -4. Let m = 36 + c. What are the prime factors of m?
17
Let p(v) = -v**2 - 8*v - 6. Let c be p(-5). Let y be c - (0 - (-1 - -1)). List the prime factors of 2*-1 + 0 + y.
7
Let t(p) = -p + 16. What are the prime factors of t(10)?
2, 3
Let a = -10 + 22. Let s = 5 - 9. List the prime factors of 183/a - (-1)/s.
3, 5
Let z(b) = -2*b**3 + 3*b**2 - 10*b - 10. List the prime factors of z(-5).
5, 73
Let q = -266 + 395. What are the prime factors of q?
3, 43
Let z = -11 - -12. Let c be ((-3)/(-9))/(2/78). List the prime factors of -1*c/(-1) - z.
2, 3
Let x(s) = s**2 + 3*s + 3. Suppose 2*m = -m - 9. List the prime factors of x(m).
3
Suppose 3*d = -1 + 7. Suppose -d*n + n = -18. What are the prime factors of n?
2, 3
Suppose -5*f + 6*z = 2*z - 54, z = -2*f + 32. List the prime factors of 270/14 - 4/f.
19
List the prime factors of (-1 - 31)*(-7 + 5).
2
Suppose -3*m = 3, -2*a + 75 = -4*m + 3*m. What are the prime factors of a?
37
What are the prime factors of (3 + -1)*(-3 - -9)?
2, 3
Suppose -3*n - 5*c = 28, -5*n - 18 = 5*c + 12. Let t be 1/2*2*0. List the prime factors of n + (-2 - -5) + t.
2
Let i(k) = -5*k**2 + 9*k - 4. Let o(q) = 6*q**2 - 10*q + 4. Let p(z) = 7*i(z) + 6*o(z). List the prime factors of p(-6).
2, 7
Suppose -190 = -2*d + v, 5*d - 2*v - 188 = 3*d. List the prime factors of d.
2, 3
Suppose -108 = -4*m - 4*a - 0*a, -3*a = 5*m - 133. What are the prime factors of m?
2, 13
Suppose -5*q + 6*d - 3*d = -50, -4*d = -3*q + 30. Suppose c + 0*c - q = 0. What are the prime factors of c?
2, 5
Suppose 2*p + w = 414, 0*w = 3*p + 2*w - 621. What are the prime factors of p?
3, 23
Suppose -5*v - 3*i - 366 = -1340, -4*v - 5*i + 774 = 0. List the prime factors of v.
2, 7
Let v(b) = -b**3 + 6*b**2 + 8*b - 4. Let l be v(7). Let n(s) = 5*s**2 + 4 + 2*s**l + 2*s - 11 - 3*s**3. What are the prime factors of n(5)?
3
Suppose 4*h = 28 - 4. Let o(k) = 3*k + 4. What are the prime factors of o(h)?
2, 11
Let l = -3 + 5. Let c = -3 + l. Let q(u) = -10*u - 1. List the prime factors of q(c).
3
Let r(d) = d**3 + 9*d**2 + 9*d + 12. Let i be r(-8). Suppose -3 = -4*n + 5. Suppose n*m = i*m - 4*p - 64, -2*m = 4*p - 32. List the prime factors of m.
2, 3
Let o = -26 - -29. Suppose -l + 56 = -o*c, 2*l + 4*c - 81 = 11. What are the prime factors of l?
2, 5
Let t(x) = x**2 + 5. What are the prime factors of t(7)?
2, 3
Suppose 7*a - 2*a + 2 = -2*p, 5*a = 4*p - 56. What are the prime factors of p?
3
Let g(w) be the third derivative of w**5/15 - w**4/24 - 2*w**3/3 + 6*w**2. List the prime factors of g(3).
29
List the prime factors of 3/(123/(-33) + 4).
11
Let a(o) = 2*o**2 - 9*o + 5. Let m(r) = -r + 1. Let q be m(-5). List the prime factors of a(q).
23
Let g(d) = 1 + 1 + d**2 - 7 - 4*d + 4. Let o be g(3). Let n = o - -18. What are the prime factors of n?
2, 7
Suppose -w + 2 = 1. List the prime factors of (56/(-35))/(w/(-20)).
2
Let m be 1/5 + 278/10. Suppose -52 = -5*l + m. List the prime factors of l.
2
Let b be 34 - (-3 - -3)/1. List the prime factors of b - 6 - (1 + 0).
3
Suppose 0 = 2*b - 3*i - 25 - 13, 3*i = 6. Let r = b + -11. List the prime factors of r.
11
Let g = 47 - 18. Let a = g + 13. What are the prime factors of a?
2, 3, 7
Let a = -9 + 30. Suppose -t + a = -15. List the prime factors of t.
2, 3
Suppose -5*x = -x - 220. Suppose c = g - 13, -c - x = -g - 3*g. What are the prime factors of g?
2, 7
Let l(b) = -b**3 - 4*b**2 - 4*b - 5. Let h be l(-4). Let w = h + 0. What are the prime factors of w?
11
Suppose 5 = 5*t + 20. Let b = t - 0. Let z = 6 + b. What are the prime factors of z?
3
Let r = -2 - -6. Suppose -4*y = -0*v + v - 38, -r = 2*v. What are the prime factors of y/(-15) + 58/6?
3
Suppose -4*c + 48 = -v, -5*v + 23 = 4*c - 1. List the prime factors of c.
11
Let q(g) = g**3 - 4*g**2 + 13*g - 9. What are the prime factors of q(7)?
229
Let m be 3/((18/4)/3). Suppose 4*x + 3 = 5*b, -m*b - 5*x + 23 = 2. List the prime factors of b.
3
Let p(w) = -w**3 - 7*w**2 - 6*w - 2. What are the prime factors of p(-9)?
2, 107
Suppose 3*u - 531 = -0*u. List the prime factors of u.
3, 59
Let t = 72 + 43. List the prime factors of t.
5, 23
Suppose -30 = -q - 3*c, -q - 5*c + 40 = -0*q. What are the prime factors of q?
3, 5
List the prime factors of 70/3 - 14/(-21).
2, 3
What are the prime factors of (186/(-4))/((-9)/24)?
2, 31
Suppose 2*p - p = 15. Suppose 2*o = o + p. What are the prime factors of o?
3, 5
What are the prime factors of ((-315)/6)/((-3)/4)?
2, 5, 7
Let t = -123 + 135. List the prime factors of t.
2, 3
Let i = 29 - 14. List the prime factors of i.
3, 5
Let a(m) = 27*m - 2. What are the prime factors of a(1)?
5
Suppose -8 = 2*y - 4. Let a be (-11 - -3) + y/(-1). List the prime factors of (-1)/3 + (-74)/a.
2, 3
Suppose 2*l + 4 - 16 = 0. Let o be ((-4)/(-6))/((-2)/(-12)). Suppose -o*u = -l*u + 10. What are the prime factors of u?
5
Suppose 0 = -4*c + 5*v + 228, -12 = -2*v + 5*v. Suppose g - f = 2*g - 27, -2*g - 3*f + c = 0. List the prime factors of g.
29
Suppose 5*c = -117 + 357. List the prime factors of c.
2, 3
Suppose -4*t = -5 - 7. Suppose 2*r - 19 = -q, -t*r - 69 = -5*q - 0*r. Suppose -5*z = 3*w - 35, 4 = 3*w + z - q. What are the prime factors of w?
5
Let o(m) = -7*m. Let k be o(-1). Let s be (-6)/(-21) - (-26)/k. What are the prime factors of (-2)/s*(3 + -35)?
2
Let x = 10 - 5. Let d(g) = -g**3 + 5*g**2 + 4*g + 3. What are the prime factors of d(x)?
23
Let w = 111 - 45. List the prime factors of w.
2, 3, 11
Let c = 6 + -22. Let l = 28 - 39. Let j = l - c. What are the prime factors of j?
5
Let g(i) = 2*i**2 - i + 2. Let y(l) = l - 6. Let a be y(4). What are the prime factors of g(a)?
2, 3
Let c be (2 + (-13)/3)*-3. Let l(g) = -g**3 + 8*g**2 - 3*g + 8. List the prime factors of l(c).
2, 3
Suppose v - 447 = -2*v. What are the prime factors of 4/(-14) + v/7?
3, 7
Suppose -k + 99 = x, 4*k - 3*x + 28 = 417. List the prime factors of k.
2, 7
Let p = 28 - -48. List the prime factors of p.
2, 19
Let o = 10 - 13. List the prime factors of 3 + -1 + o - -11.
2, 5
Suppose 0 = q - 9 + 1. Let x be (-37)/(-5) - 6/15. Suppose x + q = 3*i. What are the prime factors of i?
5
List the prime factors of (2/(-3))/((-2)/282).
2, 47
List the prime factors of 16/((1/(-6))/((-17)/6)).
2, 17
Let j be -1*7/(21/18). Let t = 5 - j. What are the prime factors of t?
11
Let b be (-2)/(-4)*(-14)/(-1). Let y = 25 + -19. Let f = b + y. What are the prime factors of f?
13
Let u be -2 + (-2 - -1 - -6). Suppose u*z + 0*z = 12. Let d = z + 2. List the prime factors of d.
2, 3
Suppose -6*h = -9 - 3. Suppose 0*o - 57 = -h*u + o, 0 = -2*u + 5*o + 77. What are the prime factors of u?
2, 13
Suppose 11*l - 7*l = 124. List the prime factors of l.
31
Let f(v) = -3*v + v + 11*v + 2*v**2 - 5 - v**2. List the prime factors of f(-10).
5
Let i = 7 - 6. Let m = -5 + i. Let v(h) = -3*h - 2. What are the prime factors of v(m)?
2, 5
Let j be 2/6 + 10/6. Let t(n) = 2 - n + 6*n - 3*n. List the prime factors of t(j).
2, 3
Let f be -11 + 9/(-3) + 2. Let g = -9 - f. List the prime factors of g.
3
Let v be 5/20 + (-7)/(-4). Suppose 0 = 2*m - 4*m - 20. Let l = v - m. List the prime factors of l.
2, 3
Let n(t) = t**3 - 5*t**2 - 2*t + 6. Let k be n(5). Let x = k - -5. What are the prime factors of 5 + (-6)/(x*-3)?
7
Let q be (14/35)/((-1)/(-5)). Suppose 0*o = -q*o + 34. List the prime factors of o.
17
Suppose 15 = 3*i, i = 3*f - 3*i - 7. Suppose -2*c - 2*c + 28 = 0. Let p = c + f. What are the prime factors of p?
2
Let s(t) = -t**3 + 14*t**2 - t + 8. Let w be s(14). Let u = 14 + w. What are the prime factors of u?
2
What are the prime factors of (2/4 + 1311/(-30))*-5?
2, 3
Let b be (-3 - -2) + (0 - -3). Let w be (-6)/4*(-4)/b. Suppose 15 = -5*u, -2*m - w*u + 3 = m. What are the prime factors of m?
2
Let i = -13 + 18. Suppose -5*h = -79 - 41. Suppose i*z - h = 3*z. List the prime factors of z.
2, 3
Suppose -5*d - 105 = -12*d. List the prime factors of d.
3, 5
Supp